{"id":1800,"date":"2020-06-08T17:33:06","date_gmt":"2020-06-08T16:33:06","guid":{"rendered":"https:\/\/philippines.business\/les-philippines\/metro-manila-urban-belt\/"},"modified":"2020-10-12T14:41:25","modified_gmt":"2020-10-12T13:41:25","slug":"le-grand-manille-et-laire-urbaine","status":"publish","type":"page","link":"https:\/\/philippines.business\/fr\/les-philippines\/le-grand-manille-et-laire-urbaine\/","title":{"rendered":"Le Grand Manille et l\u2019aire urbaine"},"content":{"rendered":"<p>[vc_row row_type=\u00a0\u00bbrow\u00a0\u00bb use_row_as_full_screen_section=\u00a0\u00bbno\u00a0\u00bb type=\u00a0\u00bbfull_width\u00a0\u00bb text_align=\u00a0\u00bbcenter\u00a0\u00bb background_image=\u00a0\u00bb1361&Prime; background_animation=\u00a0\u00bbnone\u00a0\u00bb css_animation=\u00a0\u00bb\u00a0\u00bb css=\u00a0\u00bb.vc_custom_1599468957501{background-color: #1226aa !important;}\u00a0\u00bb el_class=\u00a0\u00bbCOPYWHITE\u00a0\u00bb][vc_column][vc_empty_space height=\u00a0\u00bb100px\u00a0\u00bb][vc_empty_space height=\u00a0\u00bb100px\u00a0\u00bb el_class=\u00a0\u00bbmobile-hidden\u00a0\u00bb][vc_column_text el_class=\u00a0\u00bbcontrolled-h1&Prime;]<\/p>\n<h2>Le Grand Manille et l\u2019aire urbaine<\/h2>\n<p>[\/vc_column_text][vc_empty_space height=\u00a0\u00bb100px\u00a0\u00bb][vc_empty_space height=\u00a0\u00bb100px\u00a0\u00bb el_class=\u00a0\u00bbmobile-hidden\u00a0\u00bb][\/vc_column][\/vc_row][vc_row row_type=\u00a0\u00bbrow\u00a0\u00bb use_row_as_full_screen_section=\u00a0\u00bbno\u00a0\u00bb type=\u00a0\u00bbgrid\u00a0\u00bb text_align=\u00a0\u00bbleft\u00a0\u00bb background_animation=\u00a0\u00bbnone\u00a0\u00bb padding_top=\u00a0\u00bb100&Prime; padding_bottom=\u00a0\u00bb100&Prime; css_animation=\u00a0\u00bb\u00a0\u00bb][vc_column width=\u00a0\u00bb1\/2&Prime;][vc_column_text]<\/p>\n<h3>Le Grand Manille et l\u2019aire urbaine<\/h3>\n<p>Le Grand Manille, qui abrite la capitale, et l\u2019aire urbaine forment une r\u00e9gion remarquablement diversifi\u00e9e. Constitu\u00e9e de zones urbaines et rurales, la r\u00e9gion compte plus de 22\u00a0millions d\u2019habitants et profite d\u2019infrastructures parmi les plus d\u00e9velopp\u00e9es du pays.<\/p>\n<p>Le taux d\u2019emploi extr\u00eamement \u00e9lev\u00e9 refl\u00e8te la qualit\u00e9 de la main-d\u2019\u0153uvre dont profitent les entreprises locales. Des incitations \u00e9conomiques sont \u00e9galement instaur\u00e9es dans les nombreuses zones \u00e9conomiques sp\u00e9ciales de la r\u00e9gion pour les secteurs industriels et agricoles.<\/p>\n<h3>Infrastructures<\/h3>\n<p>Avec deux a\u00e9roports internationaux et le plus grand port maritime du pays, le Grand Manille et son aire urbaine proposent aux entreprises certaines des meilleures infrastructures des Philippines. Les axes de communication comptent \u00e9galement des autoroutes menant \u00e0 d\u2019autres r\u00e9gions qui font des lieux un emplacement privil\u00e9gi\u00e9 pour les secteurs des t\u00e9l\u00e9communications, de l\u2019informatique et de la logistique. Le port satisfait aux besoins de toutes les entreprises d\u2019importation et d\u2019exportation.<\/p>\n<p>&nbsp;<\/p>\n<h3 class=\"heading-m-b\">A\u00e9roports et ports majeurs :<\/h3>\n<p>&nbsp;<\/p>\n<ul>\n<li><span style=\"font-weight: 400;\">A\u00e9roport international Ninoy Aquino<\/span><\/li>\n<li><span style=\"font-weight: 400;\">A\u00e9roport international de Clark<\/span><\/li>\n<li><span style=\"font-weight: 400;\">A\u00e9roport international de Subic Bay<\/span><\/li>\n<li><span style=\"font-weight: 400;\">Port de Manille (Manille North et South Harbor)<\/span><\/li>\n<li><span style=\"font-weight: 400;\">Terminal \u00e0 conteneurs international de Manille<\/span><\/li>\n<li><span style=\"font-weight: 400;\">Port de Subic Bay<\/span><\/li>\n<li><span style=\"font-weight: 400;\">Port de Batangas<\/span><\/li>\n<li><span style=\"font-weight: 400;\">A\u00e9roport de Subic Bay<\/span><\/li>\n<\/ul>\n<p>&nbsp;<\/p>\n<h3 class=\"heading-m-b\">Zones \u00e9conomiques sp\u00e9ciales et zones franches\u00a0:<\/h3>\n<p>&nbsp;<\/p>\n<ul>\n<li><span style=\"font-weight: 400;\">Zone franche de Subic Bay<\/span><\/li>\n<li><span style=\"font-weight: 400;\">Zone franche de Clark<\/span><\/li>\n<li>Zone franche de Bataan<\/li>\n<\/ul>\n<p>[\/vc_column_text][\/vc_column][vc_column width=\u00a0\u00bb1\/2&Prime;][\/vc_column][\/vc_row][vc_row row_type=\u00a0\u00bbrow\u00a0\u00bb use_row_as_full_screen_section=\u00a0\u00bbno\u00a0\u00bb type=\u00a0\u00bbgrid\u00a0\u00bb text_align=\u00a0\u00bbleft\u00a0\u00bb background_animation=\u00a0\u00bbnone\u00a0\u00bb padding_top=\u00a0\u00bb100&Prime; css_animation=\u00a0\u00bb\u00a0\u00bb el_class=\u00a0\u00bbCOPYWHITE\u00a0\u00bb background_color=\u00a0\u00bb#1226aa\u00a0\u00bb][vc_column][vc_column_text]<\/p>\n<h2>Secteurs d\u2019activit\u00e9s majeurs\u00a0:<\/h2>\n<p>[\/vc_column_text][\/vc_column][\/vc_row][vc_row row_type=\u00a0\u00bbrow\u00a0\u00bb use_row_as_full_screen_section=\u00a0\u00bbno\u00a0\u00bb type=\u00a0\u00bbgrid\u00a0\u00bb text_align=\u00a0\u00bbleft\u00a0\u00bb background_animation=\u00a0\u00bbnone\u00a0\u00bb padding_top=\u00a0\u00bb50&Prime; padding_bottom=\u00a0\u00bb100&Prime; css_animation=\u00a0\u00bb\u00a0\u00bb el_class=\u00a0\u00bbCOPYWHITE\u00a0\u00bb background_color=\u00a0\u00bb#1226aa\u00a0\u00bb][vc_column width=\u00a0\u00bb1\/3&Prime;][vc_separator type=\u00a0\u00bbnormal\u00a0\u00bb border_style=\u00a0\u00bb\u00a0\u00bb thickness=\u00a0\u00bb1&Prime; up=\u00a0\u00bb0&Prime; down=\u00a0\u00bb20&Prime; color=\u00a0\u00bb#ffffff\u00a0\u00bb][vc_column_text]<a href=\"\/fr\/secteurs-industriels\/automobile\/\">Automobile \u2192<\/a>[\/vc_column_text][vc_separator type=\u00a0\u00bbnormal\u00a0\u00bb border_style=\u00a0\u00bb\u00a0\u00bb thickness=\u00a0\u00bb1&Prime; up=\u00a0\u00bb20&Prime; down=\u00a0\u00bb20&Prime; color=\u00a0\u00bb#ffffff\u00a0\u00bb][vc_column_text]<a href=\"\/fr\/secteurs-industriels\/aerospatial\/\">A\u00e9rospatial \u2192<\/a>[\/vc_column_text][vc_separator type=\u00a0\u00bbnormal\u00a0\u00bb border_style=\u00a0\u00bb\u00a0\u00bb thickness=\u00a0\u00bb1&Prime; up=\u00a0\u00bb20&Prime; down=\u00a0\u00bb20&Prime; color=\u00a0\u00bb#ffffff\u00a0\u00bb][vc_column_text]<a href=\"\/fr\/secteurs-industriels\/electronique\/\">\u00c9lectronique \u2192<\/a>[\/vc_column_text][vc_separator type=\u00a0\u00bbnormal\u00a0\u00bb border_style=\u00a0\u00bb\u00a0\u00bb thickness=\u00a0\u00bb1&Prime; up=\u00a0\u00bb20&Prime; down=\u00a0\u00bb20&Prime; color=\u00a0\u00bb#ffffff\u00a0\u00bb][vc_column_text]<a href=\"\/fr\/secteurs-industriels\/informatique-et-gestion-des-processus-metiers\/\">IT BPM (Gestion des processus m\u00e9tiers et Informatique) \u2192<\/a>[\/vc_column_text][vc_separator type=\u00a0\u00bbnormal\u00a0\u00bb border_style=\u00a0\u00bb\u00a0\u00bb thickness=\u00a0\u00bb1&Prime; up=\u00a0\u00bb20&Prime; color=\u00a0\u00bb#ffffff\u00a0\u00bb][\/vc_column][vc_column width=\u00a0\u00bb1\/3&Prime;][vc_separator type=\u00a0\u00bbnormal\u00a0\u00bb border_style=\u00a0\u00bb\u00a0\u00bb thickness=\u00a0\u00bb1&Prime; up=\u00a0\u00bb0&Prime; down=\u00a0\u00bb20&Prime; color=\u00a0\u00bb#ffffff\u00a0\u00bb el_class=\u00a0\u00bbmobile-hidden\u00a0\u00bb][vc_column_text]Transformation industrielle[\/vc_column_text][vc_separator type=\u00a0\u00bbnormal\u00a0\u00bb border_style=\u00a0\u00bb\u00a0\u00bb up=\u00a0\u00bb20&Prime; down=\u00a0\u00bb20&Prime; color=\u00a0\u00bb#ffffff\u00a0\u00bb][vc_column_text]Agro-alimentaire[\/vc_column_text][vc_separator type=\u00a0\u00bbnormal\u00a0\u00bb border_style=\u00a0\u00bb\u00a0\u00bb thickness=\u00a0\u00bb1&Prime; up=\u00a0\u00bb20&Prime; down=\u00a0\u00bb20&Prime; color=\u00a0\u00bb#ffffff\u00a0\u00bb][vc_column_text]Commerce et d\u00e9tail[\/vc_column_text][vc_separator type=\u00a0\u00bbnormal\u00a0\u00bb border_style=\u00a0\u00bb\u00a0\u00bb thickness=\u00a0\u00bb1&Prime; up=\u00a0\u00bb20&Prime; color=\u00a0\u00bb#ffffff\u00a0\u00bb][\/vc_column][vc_column width=\u00a0\u00bb1\/3&Prime;][vc_single_image image=\u00a0\u00bb318&Prime; img_size=\u00a0\u00bbmedium\u00a0\u00bb alignment=\u00a0\u00bbcenter\u00a0\u00bb qode_css_animation=\u00a0\u00bb\u00a0\u00bb][\/vc_column][\/vc_row][vc_row row_type=\u00a0\u00bbrow\u00a0\u00bb use_row_as_full_screen_section=\u00a0\u00bbno\u00a0\u00bb type=\u00a0\u00bbfull_width\u00a0\u00bb text_align=\u00a0\u00bbcenter\u00a0\u00bb background_animation=\u00a0\u00bbnone\u00a0\u00bb padding_top=\u00a0\u00bb0&Prime; padding_bottom=\u00a0\u00bb0&Prime; css_animation=\u00a0\u00bb\u00a0\u00bb el_class=\u00a0\u00bbpadding-full-desktop\u00a0\u00bb][vc_column][vc_empty_space height=\u00a0\u00bb60px\u00a0\u00bb el_class=\u00a0\u00bbmobile-hidden\u00a0\u00bb][vc_column_text]<\/p>\n<h2>VOUS SOUHAITEZ \u00c9CHANGER AVEC UN CONSEILLER ?<\/h2>\n<p>[\/vc_column_text][vc_empty_space height=\u00a0\u00bb40px\u00a0\u00bb][vc_column_text]<\/p>\n<h4 class=\"p1\">Demandez d\u00e8s maintenant une consultation gratuite avec l\u2019un de nos sp\u00e9cialistes en placement.<\/h4>\n<p>[\/vc_column_text][vc_empty_space height=\u00a0\u00bb40px\u00a0\u00bb]<a href=\"\/fr\/nous-contacter\/\" target=\"_self\"  class=\"qbutton  large\" style=\"\">NOUS CONTACTER<\/a>[vc_empty_space height=\u00a0\u00bb40px\u00a0\u00bb][vc_empty_space height=\u00a0\u00bb20px\u00a0\u00bb el_class=\u00a0\u00bbmobile-hidden\u00a0\u00bb][\/vc_column][\/vc_row]<\/p>\n","protected":false},"excerpt":{"rendered":"<p>[vc_row row_type=\u00a0\u00bbrow\u00a0\u00bb use_row_as_full_screen_section=\u00a0\u00bbno\u00a0\u00bb type=\u00a0\u00bbfull_width\u00a0\u00bb text_align=\u00a0\u00bbcenter\u00a0\u00bb background_image=\u00a0\u00bb1361&Prime; background_animation=\u00a0\u00bbnone\u00a0\u00bb css_animation=\u00a0\u00bb\u00a0\u00bb css=\u00a0\u00bb.vc_custom_1599468957501{background-color: #1226aa !important;}\u00a0\u00bb el_class=\u00a0\u00bbCOPYWHITE\u00a0\u00bb][vc_column][vc_empty_space height=\u00a0\u00bb100px\u00a0\u00bb][vc_empty_space height=\u00a0\u00bb100px\u00a0\u00bb el_class=\u00a0\u00bbmobile-hidden\u00a0\u00bb][vc_column_text el_class=\u00a0\u00bbcontrolled-h1&Prime;] Le Grand Manille et l\u2019aire urbaine [\/vc_column_text][vc_empty_space height=\u00a0\u00bb100px\u00a0\u00bb][vc_empty_space height=\u00a0\u00bb100px\u00a0\u00bb el_class=\u00a0\u00bbmobile-hidden\u00a0\u00bb][\/vc_column][\/vc_row][vc_row row_type=\u00a0\u00bbrow\u00a0\u00bb use_row_as_full_screen_section=\u00a0\u00bbno\u00a0\u00bb type=\u00a0\u00bbgrid\u00a0\u00bb text_align=\u00a0\u00bbleft\u00a0\u00bb background_animation=\u00a0\u00bbnone\u00a0\u00bb padding_top=\u00a0\u00bb100&Prime; padding_bottom=\u00a0\u00bb100&Prime; css_animation=\u00a0\u00bb\u00a0\u00bb][vc_column width=\u00a0\u00bb1\/2&Prime;][vc_column_text] Le Grand Manille et l\u2019aire urbaine Le Grand Manille, qui&#8230;<\/p>\n","protected":false},"author":1,"featured_media":0,"parent":1790,"menu_order":0,"comment_status":"closed","ping_status":"closed","template":"full_width.php","meta":{"footnotes":""},"class_list":["post-1800","page","type-page","status-publish","hentry"],"_links":{"self":[{"href":"https:\/\/philippines.business\/fr\/wp-json\/wp\/v2\/pages\/1800","targetHints":{"allow":["GET"]}}],"collection":[{"href":"https:\/\/philippines.business\/fr\/wp-json\/wp\/v2\/pages"}],"about":[{"href":"https:\/\/philippines.business\/fr\/wp-json\/wp\/v2\/types\/page"}],"author":[{"embeddable":true,"href":"https:\/\/philippines.business\/fr\/wp-json\/wp\/v2\/users\/1"}],"replies":[{"embeddable":true,"href":"https:\/\/philippines.business\/fr\/wp-json\/wp\/v2\/comments?post=1800"}],"version-history":[{"count":8,"href":"https:\/\/philippines.business\/fr\/wp-json\/wp\/v2\/pages\/1800\/revisions"}],"predecessor-version":[{"id":3107,"href":"https:\/\/philippines.business\/fr\/wp-json\/wp\/v2\/pages\/1800\/revisions\/3107"}],"up":[{"embeddable":true,"href":"https:\/\/philippines.business\/fr\/wp-json\/wp\/v2\/pages\/1790"}],"wp:attachment":[{"href":"https:\/\/philippines.business\/fr\/wp-json\/wp\/v2\/media?parent=1800"}],"curies":[{"name":"wp","href":"https:\/\/api.w.org\/{rel}","templated":true}]}}

<p>[vc_row row_type= »row » use_row_as_full_screen_section= »no » type= »full_width » text_align= »center » background_image= »1361&Prime; background_animation= »none » css_animation= » » css= ».vc_custom_1599468957501{background-color: #1226aa !important;} » el_class= »COPYWHITE »][vc_column][vc_empty_space height= »100px »][vc_empty_space height= »100px » el_class= »mobile-hidden »][vc_column_text el_class= »controlled-h1&Prime;]</p>
<h2>Le Grand Manille et l’aire urbaine</h2>
<p>[/vc_column_text][vc_empty_space height= »100px »][vc_empty_space height= »100px » el_class= »mobile-hidden »][/vc_column][/vc_row][vc_row row_type= »row » use_row_as_full_screen_section= »no » type= »grid » text_align= »left » background_animation= »none » padding_top= »100&Prime; padding_bottom= »100&Prime; css_animation= » »][vc_column width= »1/2&Prime;][vc_column_text]</p>
<h3>Le Grand Manille et l’aire urbaine</h3>
<p>Le Grand Manille, qui abrite la capitale, et l’aire urbaine forment une région remarquablement diversifiée. Constituée de zones urbaines et rurales, la région compte plus de 22 millions d’habitants et profite d’infrastructures parmi les plus développées du pays.</p>
<p>Le taux d’emploi extrêmement élevé reflète la qualité de la main-d’œuvre dont profitent les entreprises locales. Des incitations économiques sont également instaurées dans les nombreuses zones économiques spéciales de la région pour les secteurs industriels et agricoles.</p>
<h3>Infrastructures</h3>
<p>Avec deux aéroports internationaux et le plus grand port maritime du pays, le Grand Manille et son aire urbaine proposent aux entreprises certaines des meilleures infrastructures des Philippines. Les axes de communication comptent également des autoroutes menant à d’autres régions qui font des lieux un emplacement privilégié pour les secteurs des télécommunications, de l’informatique et de la logistique. Le port satisfait aux besoins de toutes les entreprises d’importation et d’exportation.</p>
<p>&nbsp;</p>
<h3 class="heading-m-b">Aéroports et ports majeurs :</h3>
<p>&nbsp;</p>
<ul>
<li><span style="font-weight: 400;">Aéroport international Ninoy Aquino</span></li>
<li><span style="font-weight: 400;">Aéroport international de Clark</span></li>
<li><span style="font-weight: 400;">Aéroport international de Subic Bay</span></li>
<li><span style="font-weight: 400;">Port de Manille (Manille North et South Harbor)</span></li>
<li><span style="font-weight: 400;">Terminal à conteneurs international de Manille</span></li>
<li><span style="font-weight: 400;">Port de Subic Bay</span></li>
<li><span style="font-weight: 400;">Port de Batangas</span></li>
<li><span style="font-weight: 400;">Aéroport de Subic Bay</span></li>
</ul>
<p>&nbsp;</p>
<h3 class="heading-m-b">Zones économiques spéciales et zones franches :</h3>
<p>&nbsp;</p>
<ul>
<li><span style="font-weight: 400;">Zone franche de Subic Bay</span></li>
<li><span style="font-weight: 400;">Zone franche de Clark</span></li>
<li>Zone franche de Bataan</li>
</ul>
<p>[/vc_column_text][/vc_column][vc_column width= »1/2&Prime;][/vc_column][/vc_row][vc_row row_type= »row » use_row_as_full_screen_section= »no » type= »grid » text_align= »left » background_animation= »none » padding_top= »100&Prime; css_animation= » » el_class= »COPYWHITE » background_color= »#1226aa »][vc_column][vc_column_text]</p>
<h2>Secteurs d’activités majeurs :</h2>
<p>[/vc_column_text][/vc_column][/vc_row][vc_row row_type= »row » use_row_as_full_screen_section= »no » type= »grid » text_align= »left » background_animation= »none » padding_top= »50&Prime; padding_bottom= »100&Prime; css_animation= » » el_class= »COPYWHITE » background_color= »#1226aa »][vc_column width= »1/3&Prime;][vc_separator type= »normal » border_style= » » thickness= »1&Prime; up= »0&Prime; down= »20&Prime; color= »#ffffff »][vc_column_text]<a href="/fr/secteurs-industriels/automobile/">Automobile →</a>[/vc_column_text][vc_separator type= »normal » border_style= » » thickness= »1&Prime; up= »20&Prime; down= »20&Prime; color= »#ffffff »][vc_column_text]<a href="/fr/secteurs-industriels/aerospatial/">Aérospatial →</a>[/vc_column_text][vc_separator type= »normal » border_style= » » thickness= »1&Prime; up= »20&Prime; down= »20&Prime; color= »#ffffff »][vc_column_text]<a href="/fr/secteurs-industriels/electronique/">Électronique →</a>[/vc_column_text][vc_separator type= »normal » border_style= » » thickness= »1&Prime; up= »20&Prime; down= »20&Prime; color= »#ffffff »][vc_column_text]<a href="/fr/secteurs-industriels/informatique-et-gestion-des-processus-metiers/">IT BPM (Gestion des processus métiers et Informatique) →</a>[/vc_column_text][vc_separator type= »normal » border_style= » » thickness= »1&Prime; up= »20&Prime; color= »#ffffff »][/vc_column][vc_column width= »1/3&Prime;][vc_separator type= »normal » border_style= » » thickness= »1&Prime; up= »0&Prime; down= »20&Prime; color= »#ffffff » el_class= »mobile-hidden »][vc_column_text]Transformation industrielle[/vc_column_text][vc_separator type= »normal » border_style= » » up= »20&Prime; down= »20&Prime; color= »#ffffff »][vc_column_text]Agro-alimentaire[/vc_column_text][vc_separator type= »normal » border_style= » » thickness= »1&Prime; up= »20&Prime; down= »20&Prime; color= »#ffffff »][vc_column_text]Commerce et détail[/vc_column_text][vc_separator type= »normal » border_style= » » thickness= »1&Prime; up= »20&Prime; color= »#ffffff »][/vc_column][vc_column width= »1/3&Prime;][vc_single_image image= »318&Prime; img_size= »medium » alignment= »center » qode_css_animation= » »][/vc_column][/vc_row][vc_row row_type= »row » use_row_as_full_screen_section= »no » type= »full_width » text_align= »center » background_animation= »none » padding_top= »0&Prime; padding_bottom= »0&Prime; css_animation= » » el_class= »padding-full-desktop »][vc_column][vc_empty_space height= »60px » el_class= »mobile-hidden »][vc_column_text]</p>
<h2>VOUS SOUHAITEZ ÉCHANGER AVEC UN CONSEILLER ?</h2>
<p>[/vc_column_text][vc_empty_space height= »40px »][vc_column_text]</p>
<h4 class="p1">Demandez dès maintenant une consultation gratuite avec l’un de nos spécialistes en placement.</h4>
<p>[/vc_column_text][vc_empty_space height= »40px »]<a href="/fr/nous-contacter/" target="_self"  class="qbutton  large" style="">NOUS CONTACTER</a>[vc_empty_space height= »40px »][vc_empty_space height= »20px » el_class= »mobile-hidden »][/vc_column][/vc_row]</p>
